{"id":134,"date":"2024-04-29T09:00:20","date_gmt":"2024-04-29T09:00:20","guid":{"rendered":"https:\/\/itu-app42363.pagelyhosting.com\/radiocommunication-seminars\/?page_id=134"},"modified":"2025-11-19T08:44:22","modified_gmt":"2025-11-19T08:44:22","slug":"rrs","status":"publish","type":"page","link":"https:\/\/itu-app42363.pagelyhosting.com\/radiocommunication-seminars\/rrs\/","title":{"rendered":"Regional Radiocommunication Seminars (RRS)"},"content":{"rendered":"<div class=\"ituContainer\">\n<p class=\"wp-block-paragraph\">The Radiocommunication Bureau (BR) organizes, in Geneva, world seminars on spectrum management every two years, as well as regional seminars aiming in particular at the needs of developing countries.<\/p>\n<\/div>\n\n<div class=\"ituContainer\">\n<p class=\"wp-block-paragraph\">The main objectives of BR seminars and workshops are: to give assistance to Member States in spectrum management activities, e.g. through training, information meetings, seminars, development of handbooks and the provision of tools for automated spectrum management; to expand the assistance offered to Member States in coordinating and registering frequency assignments and in applying the Radio Regulations, with special attention to developing countries and Member States that have recently joined the Union.<br>\u200b<br>One of the objectives of the BR is to hold regional seminars in a way to equitably cover all ITU Regions. Administrations that are interested in hosting a regional seminar may contact the BR and, subject to availability of time and resources, the BR undertakes all the necessary steps to organize the event. The BR also organizes, upon request, individual training in Geneva. This training is usually held in conjunction with important ITU-R meetings and the BR tries to regroup them over a one-week period.\u200b\u200b<\/p>\n<\/div>\n\n<div class=\"ituContainer\">\n<h2 class=\"wp-block-heading\">Key dates<\/h2>\n<\/div>\n\n<div class=\"ituContainer\">\n<div class=\"wp-block-group KeyDates\"><div class=\"wp-block-group__inner-container is-layout-constrained wp-block-group-is-layout-constrained\">\n<div class=\"wp-block-brblocks-magictools\" data-table-anchor=\"\"><div id=\"extracted-content-placeholder\" class=\"extracted-content-placeholder\" data-url=\"https:\/\/itu-app42363.pagelyhosting.com\/radiocommunication-seminars\/rrs\/africa\/\" data-selector=\"#KeyDates\"><\/div><\/div>\n\n\n\n<div class=\"wp-block-brblocks-magictools\" data-table-anchor=\"\"><div id=\"extracted-content-placeholder\" class=\"extracted-content-placeholder\" data-url=\"https:\/\/itu-app42363.pagelyhosting.com\/radiocommunication-seminars\/rrs\/americas\/\" data-selector=\"#KeyDates\"><\/div><\/div>\n\n\n\n<div class=\"wp-block-brblocks-magictools\" data-table-anchor=\"\"><div id=\"extracted-content-placeholder\" class=\"extracted-content-placeholder\" data-url=\"https:\/\/itu-app42363.pagelyhosting.com\/radiocommunication-seminars\/rrs\/arab-states\/\" data-selector=\"#KeyDates\"><\/div><\/div>\n\n\n\n<div class=\"wp-block-brblocks-magictools\" data-table-anchor=\"\"><div id=\"extracted-content-placeholder\" class=\"extracted-content-placeholder\" data-url=\"https:\/\/itu-app42363.pagelyhosting.com\/radiocommunication-seminars\/rrs\/asia-pacific\/\" data-selector=\"#KeyDates\"><\/div><\/div>\n\n\n\n<div class=\"wp-block-brblocks-magictools\" data-table-anchor=\"\"><div id=\"extracted-content-placeholder\" class=\"extracted-content-placeholder\" data-url=\"https:\/\/itu-app42363.pagelyhosting.com\/radiocommunication-seminars\/rrs\/europe\/\" data-selector=\"#KeyDates\"><\/div><\/div>\n<\/div>\n<\/div><\/div>\n\n    <section>\n        <div class=\"ituContainer grid\">\n                                                        <a class=\"ituCard anim\" data-span=\"4\" href=\"\/radiocommunication-seminars\/africa\" >\n                    <div class=\"content center\">\n                <div class=\"main\">\n                    <img decoding=\"async\" src=\"https:\/\/itu-app42363.pagelyhosting.com\/radiocommunication-seminars\/wp-content\/uploads\/sites\/54\/2025\/11\/rrs-africa.jpg\" class=\"icon\" alt=\"icon\" \/>\n                                            <p class=\"title\">Africa<\/p>\n                                                            <p>RRS-Africa<\/p>\n                                    <\/div>\n            <\/div>\n                    <\/a>\n    \n                                                        <a class=\"ituCard anim\" data-span=\"4\" href=\"\/radiocommunication-seminars\/americas\/\" >\n                    <div class=\"content center\">\n                <div class=\"main\">\n                    <img decoding=\"async\" src=\"https:\/\/itu-app42363.pagelyhosting.com\/radiocommunication-seminars\/wp-content\/uploads\/sites\/54\/2025\/11\/rrs-americas.jpg\" class=\"icon\" alt=\"icon\" \/>\n                                            <p class=\"title\">Americas<\/p>\n                                                            <p>RRS-Americas<\/p>\n                                    <\/div>\n            <\/div>\n                    <\/a>\n    \n                                                        <a class=\"ituCard anim\" data-span=\"4\" href=\"\/radiocommunication-seminars\/arab-states\/\" >\n                    <div class=\"content center\">\n                <div class=\"main\">\n                    <img decoding=\"async\" src=\"https:\/\/itu-app42363.pagelyhosting.com\/radiocommunication-seminars\/wp-content\/uploads\/sites\/54\/2025\/11\/rrs-arabe.jpg\" class=\"icon\" alt=\"icon\" \/>\n                                            <p class=\"title\">Arab States<\/p>\n                                                            <p>RRS-Arab-States<\/p>\n                                    <\/div>\n            <\/div>\n                    <\/a>\n    \n                                                        <a class=\"ituCard anim\" data-span=\"4\" href=\"\/radiocommunication-seminars\/rrs\/asia-pacific\/\" >\n                    <div class=\"content center\">\n                <div class=\"main\">\n                    <img decoding=\"async\" src=\"https:\/\/itu-app42363.pagelyhosting.com\/radiocommunication-seminars\/wp-content\/uploads\/sites\/54\/2025\/11\/rrs-asia.jpg\" class=\"icon\" alt=\"icon\" \/>\n                                            <p class=\"title\">Asia &amp; Pacific<\/p>\n                                                            <p>RRS-Asia&amp;Pacific<\/p>\n                                    <\/div>\n            <\/div>\n                    <\/a>\n    \n                                                        <a class=\"ituCard anim\" data-span=\"4\" href=\"\/radiocommunication-seminars\/cis\/\" >\n                    <div class=\"content center\">\n                <div class=\"main\">\n                    <img decoding=\"async\" src=\"https:\/\/itu-app42363.pagelyhosting.com\/radiocommunication-seminars\/wp-content\/uploads\/sites\/54\/2025\/11\/rrs-cis.jpg\" class=\"icon\" alt=\"icon\" \/>\n                                            <p class=\"title\">CIS and neighboring\u00a0countries <\/p>\n                                                            <p>RRS-CIS<\/p>\n                                    <\/div>\n            <\/div>\n                    <\/a>\n    \n                                                        <a class=\"ituCard anim\" data-span=\"4\" href=\"\/radiocommunication-seminars\/europe\" >\n                    <div class=\"content center\">\n                <div class=\"main\">\n                    <img decoding=\"async\" src=\"https:\/\/itu-app42363.pagelyhosting.com\/radiocommunication-seminars\/wp-content\/uploads\/sites\/54\/2025\/11\/rrs-europejpg.jpg\" class=\"icon\" alt=\"icon\" \/>\n                                            <p class=\"title\">Europe<\/p>\n                                                            <p>RRS-Europe<\/p>\n                                    <\/div>\n            <\/div>\n                    <\/a>\n    \n                    <\/div>\n    <\/section>\n\n\n    <div class=\"ituContainer grid\">\n        <div data-span=\"12\">\n                            \n<div id=\"Previous-RRS\" class=\"wp-block-brblocks-accordion\"><h4 class=\"accordion-title h4  transparent\" style=\"color:#000000\">See all previous RRS ><\/h4><div class=\"accordion-content  transparent\"><div class=\"ituContainer\">\n<h2 class=\"wp-block-heading\">Africa<\/h2>\n<\/div>\n\n\n<div class=\"wp-block-brblocks-magictools\" data-table-anchor=\"\"><div id=\"extracted-content-placeholder\" class=\"extracted-content-placeholder\" data-url=\"https:\/\/itu-app42363.pagelyhosting.com\/radiocommunication-seminars\/rrs\/africa\/\" data-selector=\"#PreviousRRS\"><\/div><\/div>\n\n\n<div class=\"ituContainer\">\n<h2 class=\"wp-block-heading\">Americas<\/h2>\n<\/div>\n\n\n<div class=\"wp-block-brblocks-magictools\" data-table-anchor=\"\"><div id=\"extracted-content-placeholder\" class=\"extracted-content-placeholder\" data-url=\"https:\/\/itu-app42363.pagelyhosting.com\/radiocommunication-seminars\/rrs\/americas\/\" data-selector=\"#PreviousRRS\"><\/div><\/div>\n\n\n<div class=\"ituContainer\">\n<h2 class=\"wp-block-heading\">Arab States<\/h2>\n<\/div>\n\n\n<div class=\"wp-block-brblocks-magictools\" data-table-anchor=\"\"><div id=\"extracted-content-placeholder\" class=\"extracted-content-placeholder\" data-url=\"https:\/\/itu-app42363.pagelyhosting.com\/radiocommunication-seminars\/rrs\/Arab-States\/\" data-selector=\"#PreviousRRS\"><\/div><\/div>\n\n\n<div class=\"ituContainer\">\n<h2 class=\"wp-block-heading\">Asia &amp; Pasific<\/h2>\n<\/div>\n\n\n<div class=\"wp-block-brblocks-magictools\" data-table-anchor=\"\"><div id=\"extracted-content-placeholder\" class=\"extracted-content-placeholder\" data-url=\"https:\/\/itu-app42363.pagelyhosting.com\/radiocommunication-seminars\/rrs\/Asia&amp;Pacific\/\" data-selector=\"#PreviousRRS\"><\/div><\/div>\n\n\n<div class=\"ituContainer\">\n<h2 class=\"wp-block-heading\">CIS and neighboring countries<\/h2>\n<\/div>\n\n\n<div class=\"wp-block-brblocks-magictools\" data-table-anchor=\"\"><div id=\"extracted-content-placeholder\" class=\"extracted-content-placeholder\" data-url=\"https:\/\/itu-app42363.pagelyhosting.com\/radiocommunication-seminars\/rrs\/cis\/\" data-selector=\"#PreviousRRS\"><\/div><\/div>\n\n\n<div class=\"ituContainer\">\n<h2 class=\"wp-block-heading\">Europe<\/h2>\n<\/div>\n\n\n<div class=\"wp-block-brblocks-magictools\" data-table-anchor=\"\"><div id=\"extracted-content-placeholder\" class=\"extracted-content-placeholder\" data-url=\"https:\/\/itu-app42363.pagelyhosting.com\/radiocommunication-seminars\/rrs\/europe\/\" data-selector=\"#PreviousRRS\"><\/div><\/div>\n<\/div><\/div>\n                    <\/div>\n    <\/div>\n\n\n\n<div class=\"wp-block-brblocks-code-editor\" data-selected-script=\"css\" data-code-content=\"\"><\/div>\n\n\n<div class=\"ituContainer\">\n<p class=\"wp-block-paragraph\"><\/p>\n<\/div>\n\n\n<div class=\"wp-block-brblocks-code-editor\" data-selected-script=\"css\" data-code-content=\"\/* Cache tout le <li&gt; si son contenu contient la phrase *\/\n.ituTimeline li:has(.content:contains(&quot;This information will be available soon&quot;)) {\n    display: none !important;\n}\n\"><\/div>\n\n\n\n<div class=\"wp-block-brblocks-code-editor\" data-selected-script=\"jquery\" data-code-content=\"jQuery(document).ready(function ($) {\n\n    let mergeScheduled = false;\n\n    function tryMerge() {\n\n        \/\/ Compter les timelines UNIQUEMENT dans le bloc KeyDates principal\n        const currentCount = $('.KeyDates .wp-block-brblocks-magictools .ituTimeline').length;\n\n        \/\/ Sur cette page KeyDates = 5 r\u00e9gions \u2192 5 timelines max\n        const totalExpected = 5;\n\n        if (currentCount < totalExpected) {\n            return; \/\/ Attendre que tout soit charg\u00e9\n        }\n\n        \/\/ Fusion ex\u00e9cut\u00e9e UNE SEULE FOIS\n        if (!mergeScheduled) {\n            mergeScheduled = true;\n            setTimeout(mergeTimelineSorted, 200);\n        }\n    }\n\n    function mergeTimelineSorted() {\n\n        \/\/ IMPORTANT : cibler uniquement les timelines dans le KeyDates principal\n        const timelines = $('.KeyDates .ituContainer.grid .ituTimeline');\n\n        if (timelines.length <= 1) return;\n\n        let items = [];\n\n        timelines.each(function () {\n\n            $(this).find('li').each(function () {\n\n                const li = $(this);\n                const text = li.text().trim();\n\n                \/\/ Ignorer les items non renseign\u00e9s\n                if (\n                    text.includes(&quot;This information will be available soon&quot;) ||\n                    text.includes(&quot;(tbc)&quot;) \/\/ Ignorer les cards tbc\n                ) {\n                    return;\n                }\n\n                \/\/ Extraire la date : formats &quot;5 May 2025&quot; ou &quot;5-8 May 2025&quot;\n                const dateMatch = text.match(\/(\\d{1,2})(?:-\\d{1,2})?\\s+([A-Za-z]+)\\s+(\\d{4})\/);\n\n                if (!dateMatch) {\n                    \/\/ Pas de date \u2192 placer \u00e0 la fin\n                    items.push({\n                        date: new Date(9999, 0, 1),\n                        element: li\n                    });\n                    return;\n                }\n\n                const day = parseInt(dateMatch[1], 10);\n                const monthName = dateMatch[2];\n                const year = parseInt(dateMatch[3], 10);\n\n                const monthIndex = new Date(`${monthName} 1, ${year}`).getMonth();\n                const dateObj = new Date(year, monthIndex, day);\n\n                items.push({\n                    date: dateObj,\n                    element: li\n                });\n            });\n\n            \/\/ Supprimer le UL original apr\u00e8s extraction\n            $(this).remove();\n        });\n\n        \/\/ Trier les \u00e9v\u00e9nements par date croissante\n        items.sort((a, b) =&gt; a.date - b.date);\n\n        \/\/ Cr\u00e9er la timeline fusionn\u00e9e\n        let merged = $('<ul class=&quot;ituTimeline&quot; data-span=&quot;8&quot;&gt;<\/ul&gt;');\n        items.forEach(item =&gt; merged.append(item.element));\n\n        \/\/ Ins\u00e9rer dans le KeyDates principal\n        $('.KeyDates .ituContainer.grid').first().append(merged);\n\n        \/\/ Supprimer uniquement les MagicTools vides dans KeyDates\n        $('.KeyDates .wp-block-brblocks-magictools').each(function () {\n            if ($(this).find('li').length === 0) {\n                $(this).remove();\n            }\n        });\n    }\n\n    \/\/ Observer les ajouts MagicTools (chargement AJAX)\n    const observer = new MutationObserver(function () {\n        tryMerge();\n    });\n\n    observer.observe(document.body, {\n        childList: true,\n        subtree: true\n    });\n\n    \/\/ S\u00e9curit\u00e9 : second essai apr\u00e8s d\u00e9lai\n    setTimeout(tryMerge, 1500);\n\n});\n\"><\/div>\n","protected":false},"excerpt":{"rendered":"<p>The Radiocommunication Bureau (BR) organizes, in Geneva, world seminars on spectrum management every two years, as well as regional seminars aiming in particular at the needs of developing countries. The main objectives of BR seminars and workshops are: to give assistance to Member States in spectrum management activities, e.g. through training, information meetings, seminars, development [&hellip;]<\/p>\n","protected":false},"author":5,"featured_media":0,"parent":0,"menu_order":0,"comment_status":"closed","ping_status":"closed","template":"","meta":{"_crdt_document":"","_uag_custom_page_level_css":"","footnotes":""},"folder":[],"class_list":["post-134","page","type-page","status-publish","hentry"],"uagb_featured_image_src":{"full":false,"thumbnail":false,"medium":false,"medium_large":false,"large":false,"1536x1536":false,"2048x2048":false,"gs-tiny":false,"xl":false,"xxl":false,"xxxl":false,"xxxxl":false,"xxxxxl":false,"gform-image-choice-sm":false,"gform-image-choice-md":false,"gform-image-choice-lg":false},"uagb_author_info":{"display_name":"mgaillard","author_link":"https:\/\/itu-app42363.pagelyhosting.com\/radiocommunication-seminars\/author\/mgaillard\/"},"uagb_comment_info":0,"uagb_excerpt":"The Radiocommunication Bureau (BR) organizes, in Geneva, world seminars on spectrum management every two years, as well as regional seminars aiming in particular at the needs of developing countries. The main objectives of BR seminars and workshops are: to give assistance to Member States in spectrum management activities, e.g. through training, information meetings, seminars, development&hellip;","_links":{"self":[{"href":"https:\/\/itu-app42363.pagelyhosting.com\/radiocommunication-seminars\/wp-json\/wp\/v2\/pages\/134","targetHints":{"allow":["GET"]}}],"collection":[{"href":"https:\/\/itu-app42363.pagelyhosting.com\/radiocommunication-seminars\/wp-json\/wp\/v2\/pages"}],"about":[{"href":"https:\/\/itu-app42363.pagelyhosting.com\/radiocommunication-seminars\/wp-json\/wp\/v2\/types\/page"}],"author":[{"embeddable":true,"href":"https:\/\/itu-app42363.pagelyhosting.com\/radiocommunication-seminars\/wp-json\/wp\/v2\/users\/5"}],"replies":[{"embeddable":true,"href":"https:\/\/itu-app42363.pagelyhosting.com\/radiocommunication-seminars\/wp-json\/wp\/v2\/comments?post=134"}],"version-history":[{"count":0,"href":"https:\/\/itu-app42363.pagelyhosting.com\/radiocommunication-seminars\/wp-json\/wp\/v2\/pages\/134\/revisions"}],"wp:attachment":[{"href":"https:\/\/itu-app42363.pagelyhosting.com\/radiocommunication-seminars\/wp-json\/wp\/v2\/media?parent=134"}],"wp:term":[{"taxonomy":"folder","embeddable":true,"href":"https:\/\/itu-app42363.pagelyhosting.com\/radiocommunication-seminars\/wp-json\/wp\/v2\/folder?post=134"}],"curies":[{"name":"wp","href":"https:\/\/api.w.org\/{rel}","templated":true}]}}