{"id":67,"date":"2023-08-24T06:42:43","date_gmt":"2023-08-24T06:42:43","guid":{"rendered":"https:\/\/itu-app42363.pagelyhosting.com\/rag\/?page_id=67"},"modified":"2026-03-04T15:22:11","modified_gmt":"2026-03-04T15:22:11","slug":"other-documents","status":"publish","type":"page","link":"https:\/\/itu-app42363.pagelyhosting.com\/rag\/documents\/other-documents\/","title":{"rendered":"Other Documents"},"content":{"rendered":"<div class=\"ituContainer\">\n<h2 class=\"wp-block-heading\">Strategic and Operational Plans<\/h2>\n<\/div>\n\n<div class=\"ituContainer\">\n<ul class=\"wp-block-list\"><div class=\"ituContainer\">\n<li><a href=\"https:\/\/www.itu.int\/en\/council\/planning\/Pages\/default.aspx\" target=\"_blank\" rel=\"noreferrer noopener\">ITU-R Strategic Plan<\/a><\/li>\n<\/div>\n\n<div class=\"ituContainer\">\n<li><a href=\"https:\/\/www.itu.int\/ITU-R\/go\/operational-plans\/en\">Operational Plans<\/a><\/li>\n<\/div>\n\n<div class=\"ituContainer\">\n<li><a href=\"https:\/\/www.itu.int\/ITU-R\/go\/performance-reports\/en\">Performance Reports<\/a>&nbsp;<\/li>\n<\/div><\/ul>\n<\/div>\n\n<div class=\"ituContainer\">\n<h2 class=\"wp-block-heading\">Previous RAG Meetings Summary of Conclusions<\/h2>\n<\/div>\n\n<div class=\"ituContainer\">\n<ul class=\"wp-block-list\"><div class=\"ituContainer\">\n<li><a href=\"https:\/\/www.itu.int\/md\/R00-CA-CIR-0273\/en\" target=\"_blank\" rel=\"noreferrer noopener\">Summary of C\u200b\u200bonclusions of RAG-2024<\/a><\/li>\n<\/div>\n\n<div class=\"ituContainer\">\n<li><a href=\"https:\/\/www.itu.int\/md\/R00-CA-CIR-0267\/en\">Summary of Conclusions of RAG-2023<\/a><\/li>\n<\/div>\n\n<div class=\"ituContainer\">\n<li><a href=\"https:\/\/www.itu.int\/md\/R00-CA-CIR-0260\/en\">Summary of Conclusions of RAG-2022\u200b<\/a><\/li>\n<\/div>\n\n<div class=\"ituContainer\">\n<li><a href=\"https:\/\/www.itu.int\/md\/R00-CA-CIR-0256\/en\">Sum\u200bmary of Conclusions of RAG-2021<\/a><\/li>\n<\/div>\n\n<div class=\"ituContainer\">\n<li><a href=\"https:\/\/www.itu.int\/md\/R00-CA-CIR-0252\/en\">Summary of Conclusions of RAG-202\u200b\u200b0\u200b<\/a><\/li>\n<\/div>\n\n<div class=\"ituContainer\">\n<li><a href=\"https:\/\/www.itu.int\/md\/R00-CA-CIR-0246\/en\">Summary of Conclusions of RAG-2019<\/a><\/li>\n<\/div>\n\n<div class=\"ituContainer\">\n<li><a href=\"https:\/\/www.itu.int\/md\/R00-CA-CIR-0239\/en\">Summary of Conclusions of RAG-2018<\/a><\/li>\n<\/div>\n\n<div class=\"ituContainer\">\n<li><a href=\"https:\/\/www.itu.int\/md\/R00-CA-CIR-0233\/en\">Summary of Conclusions of RAG-2017<\/a><\/li>\n<\/div>\n\n<div class=\"ituContainer\">\n<li><a href=\"https:\/\/www.itu.int\/md\/R00-CA-CIR-0232\/en\">Summary of Conclusions of RAG-2016\u200b\u200b<\/a><\/li>\n<\/div><\/ul>\n<\/div>\n\n<div class=\"ituContainer\">\n<h2 class=\"wp-block-heading\">Circulars related to RAG<\/h2>\n<\/div>\n\n<div class=\"ituContainer\">\n<ul class=\"wp-block-list\"><div class=\"ituContainer\">\n<li><a href=\"https:\/\/www.itu.int\/md\/R00-CA-CIR\/en\">Administrative Circulars related to RAG\u200b\u200b<\/a><\/li>\n<\/div><\/ul>\n<\/div>\n\n<div class=\"ituContainer\">\n<h2 class=\"wp-block-heading\">Presentations during RAG-2025<\/h2>\n<\/div>\n\n<div class=\"ituContainer\">\n<p class=\"wp-block-paragraph\"><strong>(<a href=\"https:\/\/www.itu.int\/en\/ties-services\/Pages\/default.aspx\" target=\"_blank\" rel=\"noreferrer noopener\">TIES access<\/a>&nbsp;required).&nbsp;\u200b<\/strong> <br><br>    <a class=\"ituBtn\" href=\"https:\/\/itu-wp-sso.azurewebsites.net\/login\/?from=https:\/\/www.itu.int\/rag&returnTo=https:\/\/itu-app42363.pagelyhosting.com\/rag\/wp-json\/wp\/v2\/pages\/67\">Please login to view the content of this page<\/a>\n<\/p>\n<\/div>\n\n    <div class=\"ituContainer grid\">\n        <div data-span=\"12\">\n                            <div class=\"ituContainer\">\n<div style=\"height:30px\" aria-hidden=\"true\" class=\"wp-block-spacer\"><\/div>\n<\/div>                            <div class=\"ituContainer\">\n<div class=\"wp-block-group uag-hide-desktop uag-hide-tab uag-hide-mob\"><div class=\"wp-block-group__inner-container is-layout-constrained wp-block-group-is-layout-constrained\">\n<div class=\"wp-block-brblocks-documents\" data-viewmode=\"list\" data-columns=\"3\" data-showtoggle=\"true\" data-showsearch=\"false\" data-searchplaceholder=\"Search documents\u2026\"><div class=\"documents-data\" data-documents=\"[{&quot;id&quot;:&quot;doc_mmc67kh8_ao06r&quot;,&quot;title&quot;:&quot;Second virtual thematic briefing with Councillors - Preparations towards C25&quot;,&quot;description&quot;:&quot;&quot;,&quot;type&quot;:&quot;pdf&quot;,&quot;lang&quot;:&quot;&quot;,&quot;updated&quot;:&quot;&quot;,&quot;link&quot;:&quot;https:\/\/itu.int\/en\/ITU-R\/conferences\/rag\/Presentations%202025\/Agenda-second-virtual-thematic-briefing-14april_v5.pdf&quot;,&quot;fileId&quot;:null,&quot;openInNewTab&quot;:true,&quot;customIcon&quot;:&quot;&quot;,&quot;customIconId&quot;:null},{&quot;id&quot;:&quot;doc_mmc697bb_y8rmw&quot;,&quot;title&quot;:&quot;ITU\u2019s Strategic and Financial Plans 2028-2031 \u00a0- Briefing to Sector Advisory Groups&quot;,&quot;description&quot;:&quot;&quot;,&quot;type&quot;:&quot;pdf&quot;,&quot;lang&quot;:&quot;&quot;,&quot;updated&quot;:&quot;&quot;,&quot;link&quot;:&quot;https:\/\/itu.int\/en\/ITU-R\/conferences\/rag\/Presentations%202025\/SFP-Presentation-Apr2025%201.pdf&quot;,&quot;fileId&quot;:null,&quot;openInNewTab&quot;:true,&quot;customIcon&quot;:&quot;&quot;,&quot;customIconId&quot;:null},{&quot;id&quot;:&quot;doc_mmc69ona_c8lz0&quot;,&quot;title&quot;:&quot;ITU\u2019s Strategic and Financial Plans 2028-2031 \u00a0- Briefing to Sector Advisory Groups&quot;,&quot;description&quot;:&quot;&quot;,&quot;type&quot;:&quot;pdf&quot;,&quot;lang&quot;:&quot;&quot;,&quot;updated&quot;:&quot;&quot;,&quot;link&quot;:&quot;https:\/\/itu.int\/en\/ITU-R\/conferences\/rag\/Presentations%202025\/RAG-SM-SV%2014%20April-to%20post.pdf&quot;,&quot;fileId&quot;:null,&quot;openInNewTab&quot;:true,&quot;customIcon&quot;:&quot;&quot;,&quot;customIconId&quot;:null},{&quot;id&quot;:&quot;doc_mmc6fyj4_i3rqn&quot;,&quot;title&quot;:&quot;ITU-R Study Group 1 - on Spectrum Management - Status of the work and challenges&quot;,&quot;description&quot;:&quot;&quot;,&quot;type&quot;:&quot;pdf&quot;,&quot;lang&quot;:&quot;&quot;,&quot;updated&quot;:&quot;&quot;,&quot;link&quot;:&quot;https:\/\/itu.int\/en\/ITU-R\/conferences\/rag\/Presentations%202025\/SG%201%20activities.pdf&quot;,&quot;fileId&quot;:null,&quot;openInNewTab&quot;:true,&quot;customIcon&quot;:&quot;&quot;,&quot;customIconId&quot;:null},{&quot;id&quot;:&quot;doc_mmc6gkx9_a7qn6&quot;,&quot;title&quot;:&quot;ITU-R Study Group 3 - Applications of machine learning in radio-wave propagation prediction&quot;,&quot;description&quot;:&quot;&quot;,&quot;type&quot;:&quot;pdf&quot;,&quot;lang&quot;:&quot;&quot;,&quot;updated&quot;:&quot;&quot;,&quot;link&quot;:&quot;https:\/\/itu.int\/en\/ITU-R\/conferences\/rag\/Presentations%202025\/SG3_RAG25.pdf&quot;,&quot;fileId&quot;:null,&quot;openInNewTab&quot;:true,&quot;customIcon&quot;:&quot;&quot;,&quot;customIconId&quot;:null},{&quot;id&quot;:&quot;doc_mmc6hlft_yiu5r&quot;,&quot;title&quot;:&quot;ITU-R Study Group 4 - Satellite Services&quot;,&quot;description&quot;:&quot;&quot;,&quot;type&quot;:&quot;pdf&quot;,&quot;lang&quot;:&quot;&quot;,&quot;updated&quot;:&quot;&quot;,&quot;link&quot;:&quot;https:\/\/itu.int\/en\/ITU-R\/conferences\/rag\/Presentations%202025\/SG4%20ITU-R%202_v3.pdf&quot;,&quot;fileId&quot;:null,&quot;openInNewTab&quot;:true,&quot;customIcon&quot;:&quot;&quot;,&quot;customIconId&quot;:null},{&quot;id&quot;:&quot;doc_mmc6i9fl_ie8h9&quot;,&quot;title&quot;:&quot;ITU-R Study Group 5 - Status of Work&quot;,&quot;description&quot;:&quot;&quot;,&quot;type&quot;:&quot;pdf&quot;,&quot;lang&quot;:&quot;&quot;,&quot;updated&quot;:&quot;&quot;,&quot;link&quot;:&quot;https:\/\/itu.int\/en\/ITU-R\/conferences\/rag\/Presentations%202025\/Status%20of%20SG%205%20Work%20to%20RAG%202025.pdf&quot;,&quot;fileId&quot;:null,&quot;openInNewTab&quot;:true,&quot;customIcon&quot;:&quot;&quot;,&quot;customIconId&quot;:null},{&quot;id&quot;:&quot;doc_mmc6iwat_1gnju&quot;,&quot;title&quot;:&quot;ITU-R Study Group 6 - Progress report&quot;,&quot;description&quot;:&quot;&quot;,&quot;type&quot;:&quot;pdf&quot;,&quot;lang&quot;:&quot;&quot;,&quot;updated&quot;:&quot;&quot;,&quot;link&quot;:&quot;https:\/\/itu.int\/en\/ITU-R\/conferences\/rag\/Presentations%202025\/SG6-presentation-to-RAG%2332nd.pdf&quot;,&quot;fileId&quot;:null,&quot;openInNewTab&quot;:true,&quot;customIcon&quot;:&quot;&quot;,&quot;customIconId&quot;:null},{&quot;id&quot;:&quot;doc_mmc6jjtf_srme7&quot;,&quot;title&quot;:&quot;ITU-R Study Group 7 - Science services&quot;,&quot;description&quot;:&quot;&quot;,&quot;type&quot;:&quot;pdf&quot;,&quot;lang&quot;:&quot;&quot;,&quot;updated&quot;:&quot;&quot;,&quot;link&quot;:&quot;https:\/\/itu.int\/en\/ITU-R\/conferences\/rag\/Presentations%202025\/Study%20Group%207%20status.pdf&quot;,&quot;fileId&quot;:null,&quot;openInNewTab&quot;:true,&quot;customIcon&quot;:&quot;&quot;,&quot;customIconId&quot;:null},{&quot;id&quot;:&quot;doc_mmc6k6bn_3z1qi&quot;,&quot;title&quot;:&quot;CCV\/CCT - Update on the activities&quot;,&quot;description&quot;:&quot;&quot;,&quot;type&quot;:&quot;pdf&quot;,&quot;lang&quot;:&quot;&quot;,&quot;updated&quot;:&quot;&quot;,&quot;link&quot;:&quot;https:\/\/itu.int\/en\/ITU-R\/conferences\/rag\/Presentations%202025\/CCV%20Chair_Oral%20intervention.pdf&quot;,&quot;fileId&quot;:null,&quot;openInNewTab&quot;:true,&quot;customIcon&quot;:&quot;&quot;,&quot;customIconId&quot;:null},{&quot;id&quot;:&quot;doc_mmc6kwck_7h327&quot;,&quot;title&quot;:&quot;NOW4WRC - Mentoring Programme&quot;,&quot;description&quot;:&quot;&quot;,&quot;type&quot;:&quot;pdf&quot;,&quot;lang&quot;:&quot;&quot;,&quot;updated&quot;:&quot;04.03.2026&quot;,&quot;link&quot;:&quot;https:\/\/www.itu.int\/en\/ITU-R\/conferences\/rag\/Presentations%202025\/NOW4WRC_for%20RAG_Ellie%202025%200416%20rev.pdf&quot;,&quot;fileId&quot;:null,&quot;openInNewTab&quot;:true,&quot;customIcon&quot;:&quot;&quot;,&quot;customIconId&quot;:null}]\" style=\"display:none\"><\/div><div class=\"documents-container is-list columns-3\"><\/div><noscript><ul class=\"documents-noscript\"><li><a href=\"https:\/\/itu.int\/en\/ITU-R\/conferences\/rag\/Presentations%202025\/Agenda-second-virtual-thematic-briefing-14april_v5.pdf\">Second virtual thematic briefing with Councillors &#8211; Preparations towards C25<\/a><\/li><li><a href=\"https:\/\/itu.int\/en\/ITU-R\/conferences\/rag\/Presentations%202025\/SFP-Presentation-Apr2025%201.pdf\">ITU\u2019s Strategic and Financial Plans 2028-2031 \u00a0&#8211; Briefing to Sector Advisory Groups<\/a><\/li><li><a href=\"https:\/\/itu.int\/en\/ITU-R\/conferences\/rag\/Presentations%202025\/RAG-SM-SV%2014%20April-to%20post.pdf\">ITU\u2019s Strategic and Financial Plans 2028-2031 \u00a0&#8211; Briefing to Sector Advisory Groups<\/a><\/li><li><a href=\"https:\/\/itu.int\/en\/ITU-R\/conferences\/rag\/Presentations%202025\/SG%201%20activities.pdf\">ITU-R Study Group 1 &#8211; on Spectrum Management &#8211; Status of the work and challenges<\/a><\/li><li><a href=\"https:\/\/itu.int\/en\/ITU-R\/conferences\/rag\/Presentations%202025\/SG3_RAG25.pdf\">ITU-R Study Group 3 &#8211; Applications of machine learning in radio-wave propagation prediction<\/a><\/li><li><a href=\"https:\/\/itu.int\/en\/ITU-R\/conferences\/rag\/Presentations%202025\/SG4%20ITU-R%202_v3.pdf\">ITU-R Study Group 4 &#8211; Satellite Services<\/a><\/li><li><a href=\"https:\/\/itu.int\/en\/ITU-R\/conferences\/rag\/Presentations%202025\/Status%20of%20SG%205%20Work%20to%20RAG%202025.pdf\">ITU-R Study Group 5 &#8211; Status of Work<\/a><\/li><li><a href=\"https:\/\/itu.int\/en\/ITU-R\/conferences\/rag\/Presentations%202025\/SG6-presentation-to-RAG%2332nd.pdf\">ITU-R Study Group 6 &#8211; Progress report<\/a><\/li><li><a href=\"https:\/\/itu.int\/en\/ITU-R\/conferences\/rag\/Presentations%202025\/Study%20Group%207%20status.pdf\">ITU-R Study Group 7 &#8211; Science services<\/a><\/li><li><a href=\"https:\/\/itu.int\/en\/ITU-R\/conferences\/rag\/Presentations%202025\/CCV%20Chair_Oral%20intervention.pdf\">CCV\/CCT &#8211; Update on the activities<\/a><\/li><li><a href=\"https:\/\/www.itu.int\/en\/ITU-R\/conferences\/rag\/Presentations%202025\/NOW4WRC_for%20RAG_Ellie%202025%200416%20rev.pdf\">NOW4WRC &#8211; Mentoring Programme<\/a><\/li><\/ul><\/noscript><\/div>\n<\/div>\n<\/div><\/div>                            <div class=\"ituContainer\"><\/div>                            \n<div class=\"wp-block-brblocks-code-editor\" data-selected-script=\"jquery\" data-code-content=\"var $j = jQuery.noConflict();\n$j(document).ready(function() {\n    $j('table tr').each(function() {\n        var link = $j(this).find('td:nth-child(2) a').attr('href');\n        console.log('Lien trouv\u00e9:', link);\n        if (link) {\n            \/\/ Ajouter la classe hoverable CSS\n            $j(this).addClass('presentation').css('cursor', 'pointer').click(function(event) {\n                event.preventDefault(); \/\/ Emp\u00eache le comportement par d\u00e9faut\n                window.open(link, '_blank'); \/\/ Ouvre le lien dans un nouvel onglet\n            });\n            \/\/ D\u00e9terminer l'ic\u00f4ne \u00e0 ajouter en fonction de l'extension du lien\n            var iconSrc = '';\n            if (link.endsWith('.pdf')) {\n                iconSrc = '\/wrs-24\/wp-content\/uploads\/sites\/44\/2024\/11\/pdf.png';\n            } else if (link.endsWith('.pptx')) {\n                iconSrc = '\/wrs-24\/wp-content\/uploads\/sites\/44\/2024\/11\/ppt.png';\n            } else if (link.endsWith('.docx')) {\n                iconSrc = '\/wrs-24\/wp-content\/uploads\/sites\/44\/2024\/11\/doc.png';\n            } else if (link.endsWith('.xlsx')) {\n                iconSrc = '\/wrs-24\/wp-content\/uploads\/sites\/44\/2024\/11\/exel.png';\n            }\n     if (iconSrc) {\n    var icon = $j('&lt;img&gt;', {\n        src: iconSrc,\n        width: 20,\n        height: 25,\n        css: {\n            cursor: 'pointer'\n        },\n        click: function(event) {\n            event.stopPropagation();\n            window.open(link, '_blank'); \/\/ nouvel onglet\n        }\n    });\n    \/\/ V\u00e9rifie que la cinqui\u00e8me colonne existe\n    if ($j(this).find('td:nth-child(1)').length) {\n        var cell = $j(this).find('td:nth-child(1)');\n        cell.addClass('center-content'); \/\/ Ajoute la classe pour centrer le contenu\n        cell.append(icon);\n    }\n}\n\n\n\n\n        }\n    });\n});\"><\/div>\n                    <\/div>\n    <\/div>\n\n\n<div class=\"ituContainer\">\n<div class=\"wp-block-group uag-hide-tab uag-hide-mob\"><div class=\"wp-block-group__inner-container is-layout-constrained wp-block-group-is-layout-constrained\"><div class=\"ituContainer\">\n<div style=\"height:10px\" aria-hidden=\"true\" class=\"wp-block-spacer\"><\/div>\n<\/div>\n\n\n<div class=\"wp-block-brblocks-separation-bar\"><div style=\"background-color:#009ad7;height:1px\"><\/div><\/div>\n\n\n<div class=\"ituContainer\">\n<div style=\"height:30px\" aria-hidden=\"true\" class=\"wp-block-spacer\"><\/div>\n<\/div><\/div>\n<\/div><\/div>\n\n    <section>\n        <div class=\"ituContainer grid\">\n                                                        <a class=\"ituCard anim\" data-span=\"4\" href=\"https:\/\/extranet.itu.int\/brdocsearch\" target='blank' rel='noreferrer noopener'>\n                    <div class=\"content center\">\n                <div class=\"main\">\n                    <img decoding=\"async\" src=\"https:\/\/itu-app42363.pagelyhosting.com\/rag\/wp-content\/uploads\/sites\/36\/2024\/01\/search.png\" class=\"icon\" alt=\"icon\" \/>\n                                            <p class=\"title\">\u200bITU-R Do\u200bcuments Search <br>Tool<\/p>\n                                                            <p><\/p>\n                                    <\/div>\n            <\/div>\n                    <\/a>\n    \n                    <\/div>\n    <\/section>\n","protected":false},"excerpt":{"rendered":"<p>Strategic and Operational Plans Previous RAG Meetings Summary of Conclusions Circulars related to RAG Presentations during RAG-2025 (TIES access&nbsp;required).&nbsp;\u200b<\/p>\n","protected":false},"author":5,"featured_media":0,"parent":26,"menu_order":0,"comment_status":"closed","ping_status":"closed","template":"","meta":{"_crdt_document":"","_uag_custom_page_level_css":"","footnotes":""},"folder":[],"class_list":["post-67","page","type-page","status-publish","hentry"],"uagb_featured_image_src":{"full":false,"thumbnail":false,"medium":false,"medium_large":false,"large":false,"1536x1536":false,"2048x2048":false,"gs-tiny":false,"xl":false,"xxl":false,"xxxl":false,"xxxxl":false,"xxxxxl":false,"gform-image-choice-sm":false,"gform-image-choice-md":false,"gform-image-choice-lg":false},"uagb_author_info":{"display_name":"mgaillard","author_link":"https:\/\/itu-app42363.pagelyhosting.com\/rag\/author\/mgaillard\/"},"uagb_comment_info":0,"uagb_excerpt":"Strategic and Operational Plans Previous RAG Meetings Summary of Conclusions Circulars related to RAG Presentations during RAG-2025 (TIES access&nbsp;required).&nbsp;\u200b","_links":{"self":[{"href":"https:\/\/itu-app42363.pagelyhosting.com\/rag\/wp-json\/wp\/v2\/pages\/67","targetHints":{"allow":["GET"]}}],"collection":[{"href":"https:\/\/itu-app42363.pagelyhosting.com\/rag\/wp-json\/wp\/v2\/pages"}],"about":[{"href":"https:\/\/itu-app42363.pagelyhosting.com\/rag\/wp-json\/wp\/v2\/types\/page"}],"author":[{"embeddable":true,"href":"https:\/\/itu-app42363.pagelyhosting.com\/rag\/wp-json\/wp\/v2\/users\/5"}],"replies":[{"embeddable":true,"href":"https:\/\/itu-app42363.pagelyhosting.com\/rag\/wp-json\/wp\/v2\/comments?post=67"}],"version-history":[{"count":0,"href":"https:\/\/itu-app42363.pagelyhosting.com\/rag\/wp-json\/wp\/v2\/pages\/67\/revisions"}],"up":[{"embeddable":true,"href":"https:\/\/itu-app42363.pagelyhosting.com\/rag\/wp-json\/wp\/v2\/pages\/26"}],"wp:attachment":[{"href":"https:\/\/itu-app42363.pagelyhosting.com\/rag\/wp-json\/wp\/v2\/media?parent=67"}],"wp:term":[{"taxonomy":"folder","embeddable":true,"href":"https:\/\/itu-app42363.pagelyhosting.com\/rag\/wp-json\/wp\/v2\/folder?post=67"}],"curies":[{"name":"wp","href":"https:\/\/api.w.org\/{rel}","templated":true}]}}