{"id":152,"date":"2024-03-11T14:09:03","date_gmt":"2024-03-11T14:09:03","guid":{"rendered":"https:\/\/itu-app42363.pagelyhosting.com\/wrs-24\/?page_id=152"},"modified":"2025-10-07T13:09:24","modified_gmt":"2025-10-07T13:09:24","slug":"presentations","status":"publish","type":"page","link":"https:\/\/itu-app42363.pagelyhosting.com\/wrs-24\/programme\/presentations\/","title":{"rendered":"Presentations"},"content":{"rendered":"    <div class=\"ituContainer grid\">\n        <div data-span=\"12\">\n                            \n<div class=\"wp-block-brblocks-magictools\" data-table-anchor=\"pTable\"><div class=\"magictool-search-table\" data-anchor=\".pTable\"><div class=\"search-box\"><span class=\"search-icon\">\ud83d\udd0d<\/span><input id=\"searchInput\" type=\"text\" class=\"search-input\" placeholder=\"Search...\" aria-label=\"Search\"\/><button id=\"clearSearch\" class=\"clear-icon\" style=\"display:none\">\u2716<\/button><\/div><div class=\"no-results\" style=\"display:none\">No matching results found<\/div><\/div><\/div>\n                            <div class=\"ituContainer\">\n<div style=\"height:30px\" aria-hidden=\"true\" class=\"wp-block-spacer\"><\/div>\n<\/div>                            <div class=\"ituContainer\">\n<hr class=\"wp-block-separator has-text-color has-alpha-channel-opacity has-background is-style-wide\" style=\"background-color:#00aae7;color:#00aae7\"\/>\n<\/div>                            <div class=\"ituContainer\">\n<div style=\"height:30px\" aria-hidden=\"true\" class=\"wp-block-spacer\"><\/div>\n<\/div>                            \n<figure class=\"wp-block-flexible-table-block-table alignright is-content-justification-center\" id=\"pTable\"><table class=\"has-fixed-layout\"><tbody><tr><td style=\"width:5%;vertical-align:middle;text-align:center\"><\/td><td style=\"vertical-align:middle;text-align:left;width:95%\"><a href=\"https:\/\/www.itu.int\/en\/ITU-R\/seminars\/wrs\/Documents\/2024\/Presentations\/01-ITUHistory-Radio-WRS24.pdf\">01 &#8211; History of ITU\u2019s role in radiocommunication development<\/a><\/td><\/tr><tr><td style=\"text-align:center;vertical-align:middle;width:5%\"><\/td><td style=\"vertical-align:middle;width:95%\"><a href=\"https:\/\/www.itu.int\/en\/ITU-R\/seminars\/wrs\/Documents\/2024\/Presentations\/02-WRS-24%20ITU-R%20Basics%20and%20Facts%20-%20281124%20.pdf\" target=\"_blank\" rel=\"noreferrer noopener\">02 &#8211; ITU-R Basics and Facts<\/a><\/td><\/tr><tr><td style=\"vertical-align:middle;text-align:center;width:5%\"><\/td><td style=\"vertical-align:middle;text-align:left;width:95%\"><a href=\"https:\/\/www.itu.int\/en\/ITU-R\/seminars\/wrs\/Documents\/2024\/Presentations\/03-WRS24%20RRB%20Presentation%20-%20E%20Y%20FIANKO.pdf\" target=\"_blank\" rel=\"noreferrer noopener\">03 &#8211; Radio Regulations Board (RRB)<\/a><\/td><\/tr><tr><td style=\"vertical-align:middle;text-align:center;width:5%\"><\/td><td style=\"vertical-align:middle;text-align:left;width:95%\"><a href=\"https:\/\/www.itu.int\/en\/ITU-R\/seminars\/wrs\/Documents\/2024\/Presentations\/04-WRS-24_BR%20SGD_V5.pdf\" target=\"_blank\" rel=\"noreferrer noopener\">04 &#8211; Radiocommunication Study Groups<\/a><\/td><\/tr><tr><td style=\"vertical-align:middle;text-align:center;width:5%\"><\/td><td style=\"vertical-align:middle;text-align:left;width:95%\"><a href=\"https:\/\/www.itu.int\/en\/ITU-R\/seminars\/wrs\/Documents\/2024\/Presentations\/05-WRCs%20by%20PhA.pdf\" target=\"_blank\" rel=\"noreferrer noopener\">05 &#8211; World  Radiocommunication  Conference (WRC)<\/a><\/td><\/tr><tr><td style=\"vertical-align:middle;text-align:center;width:5%\"><\/td><td style=\"vertical-align:middle;text-align:left;width:95%\"><a href=\"https:\/\/itu.int\/en\/ITU-R\/seminars\/wrs\/Documents\/2024\/Presentations\/06-WRS-24_RR_Joaqu%C3%ADn.pdf\" target=\"_blank\" rel=\"noreferrer noopener\">06 &#8211; The ITU Radio Regulations<\/a><\/td><\/tr><tr><td style=\"text-align:center;width:5%\"><\/td><td style=\"vertical-align:middle;text-align:left;width:95%\"><a href=\"https:\/\/itu.int\/en\/ITU-R\/seminars\/wrs\/Documents\/2024\/Presentations\/07-Bachar_BR-RR-SoftawreTools-2024.pptx\" target=\"_blank\" rel=\"noreferrer noopener\">07 &#8211; Radio Regulations &#8211; BR Software Tools<\/a><\/td><\/tr><tr><td style=\"vertical-align:middle;text-align:center;width:5%\"><\/td><td style=\"vertical-align:middle;text-align:left;width:95%\"><a href=\"https:\/\/itu.int\/en\/ITU-R\/seminars\/wrs\/Documents\/2024\/Presentations\/09-NOW4WRC27_Updated_2024%201128.pdf\" target=\"_blank\" rel=\"noreferrer noopener\">09 &#8211; NOW4WRC27 <\/a><\/td><\/tr><tr><td style=\"width:5%;vertical-align:middle;text-align:center\"><\/td><td style=\"vertical-align:middle;text-align:left;width:95%\"><a href=\"https:\/\/www.itu.int\/en\/ITU-R\/seminars\/wrs\/Documents\/2024\/Presentations\/11-Regulations_terrestrial_services_TSD.pdf\" target=\"_blank\" rel=\"noreferrer noopener\">11 &#8211; Regulations Terrestrial Services TSD<\/a><\/td><\/tr><tr><td style=\"width:5%;vertical-align:middle;text-align:center\"><\/td><td style=\"vertical-align:middle;text-align:left;width:95%\"><a href=\"https:\/\/www.itu.int\/en\/ITU-R\/seminars\/wrs\/Documents\/2024\/Presentations\/12-Frequency%20plans%20for%20terrestrial%20broadcasting%20services.pdf\" target=\"_blank\" rel=\"noreferrer noopener\">12 &#8211; Frequency plans for terrestrial broadcasting services<\/a><\/td><\/tr><tr><td style=\"width:5%;vertical-align:middle;text-align:center\"><\/td><td style=\"vertical-align:middle;text-align:left;width:95%\"><a href=\"https:\/\/www.itu.int\/en\/ITU-R\/seminars\/wrs\/Documents\/2024\/Presentations\/13-Frequency%20FXM%20plans%20and%20coord%20WRS-24_K_Bogens.pdf\" target=\"_blank\" rel=\"noreferrer noopener\">13 &#8211; Frequency plans and coordination procedures for non-broadcasting services<\/a><\/td><\/tr><tr><td style=\"width:5%;vertical-align:middle;text-align:center\"><\/td><td style=\"vertical-align:middle;text-align:left;width:95%\"><a href=\"https:\/\/www.itu.int\/en\/ITU-R\/seminars\/wrs\/Documents\/2024\/Presentations\/14-WRS-24_Terrestrial%20Notification%20for%20MIFR_Plan_EN.pdf\" target=\"_blank\" rel=\"noreferrer noopener\">14 &#8211; Notification of frequency assignments<\/a><\/td><\/tr><tr><td style=\"width:5%;vertical-align:middle;text-align:center\"><\/td><td style=\"vertical-align:middle;text-align:left;width:95%\"><a href=\"https:\/\/www.itu.int\/en\/ITU-R\/seminars\/wrs\/Documents\/2024\/Presentations\/15-WRS24%20Harmful%20interference_Terrestrial%20Services.pdf\" target=\"_blank\" rel=\"noreferrer noopener\">15 &#8211; Harmful interference (Terrestrial services)<\/a><\/td><\/tr><tr><td style=\"width:5%;vertical-align:middle;text-align:center\"><\/td><td style=\"vertical-align:middle;text-align:left;width:95%\"><a href=\"https:\/\/www.itu.int\/en\/ITU-R\/seminars\/wrs\/Documents\/2024\/Presentations\/16-Nikolai_WRC-23_results_terrestrial_services_N_Vassiliev_28_11_24.pdf\" target=\"_blank\" rel=\"noreferrer noopener\">16 &#8211; Main outcomes of WRC-23 related to terrestrial services<\/a><\/td><\/tr><tr><td style=\"width:5%;vertical-align:middle;text-align:center\"><\/td><td style=\"vertical-align:middle;text-align:left;width:95%\"><a href=\"https:\/\/www.itu.int\/en\/ITU-R\/seminars\/wrs\/Documents\/2024\/Presentations\/17-Broadband_trends_WRS24_K_Bogens.pdf\">17 &#8211; Trends in broadband radio technologies <\/a><\/td><\/tr><tr><td style=\"text-align:center;vertical-align:middle;width:5%\"><\/td><td style=\"vertical-align:middle;width:95%\"><a href=\"https:\/\/www.itu.int\/en\/ITU-R\/seminars\/wrs\/Documents\/2024\/Presentations\/18_Ilham_WRS-24_Broadcasting%20trends_I%20Ghazi-Final.pdf\" target=\"_blank\" rel=\"noreferrer noopener\">18 &#8211; Broadcasting trends and Regulation<\/a><\/td><\/tr><tr><td style=\"width:5%;vertical-align:middle;text-align:center\"><\/td><td style=\"vertical-align:middle;text-align:left;width:95%\"><a href=\"https:\/\/www.itu.int\/en\/ITU-R\/seminars\/wrs\/Documents\/2024\/Presentations\/19-WRS-24%20-%20Overview%20of%20Space%20Services%20and%20Regulatory%20Framework.pdf\" target=\"_blank\" rel=\"noreferrer noopener\">19 &#8211; Overview of Space Services and  Regulatory Framework<\/a><\/td><\/tr><tr><td style=\"width:5%;vertical-align:middle;text-align:center\"><\/td><td style=\"vertical-align:middle;text-align:left;width:95%\"><a href=\"https:\/\/www.itu.int\/en\/ITU-R\/seminars\/wrs\/Documents\/2024\/Presentations\/20-Regulatory%20process%20for%20satellite%20systems%20subject%20to%20coordination%20C%20Karina.pdf\" target=\"_blank\" rel=\"noreferrer noopener\">20 &#8211; Regulatory Process for Satellite Networks\/  Systems Subject to Coordination<\/a><\/td><\/tr><tr><td style=\"width:5%;vertical-align:middle;text-align:center\"><\/td><td style=\"vertical-align:middle;text-align:left;width:95%\"><a href=\"https:\/\/www.itu.int\/en\/ITU-R\/seminars\/wrs\/Documents\/2024\/Presentations\/21-Regulatory%20process%20for%20satellite%20systems%20not%20subject%20to%20coordination%20and%20Earth%20stations%202024.pdf\">21 &#8211; Regulatory procedure for satellite  systems not subject to coordination and  Earth stations<\/a><\/td><\/tr><tr><td style=\"width:5%;vertical-align:middle;text-align:center\"><\/td><td style=\"vertical-align:middle;text-align:left;width:95%\"><a href=\"https:\/\/www.itu.int\/en\/ITU-R\/seminars\/wrs\/Documents\/2024\/Presentations\/22-WRS-24_Space%20Plans.pdf\" target=\"_blank\" rel=\"noreferrer noopener\">22 &#8211; Introduction to BSS &amp; FSS Plans <\/a><\/td><\/tr><tr><td style=\"width:5%;vertical-align:middle;text-align:center\"><\/td><td style=\"vertical-align:middle;text-align:left;width:95%\"><a href=\"https:\/\/itu.int\/en\/ITU-R\/seminars\/wrs\/Documents\/2024\/Presentations\/23-ITU_WRS-24_Receivability%20of%20Space%20Notices_Ellie%20xiuqi%20WANG.pdf\" target=\"_blank\" rel=\"noreferrer noopener\">23 &#8211; Receivability of Space Notices<\/a><\/td><\/tr><tr><td style=\"vertical-align:middle;text-align:center;width:5%\"><\/td><td style=\"vertical-align:middle;text-align:left;width:95%\"><a href=\"https:\/\/itu.int\/en\/ITU-R\/seminars\/wrs\/Documents\/2024\/Presentations\/24.%20Technical%20regulatory%20assistance%20by%20Bureau%20v2.pdf\" target=\"_blank\" rel=\"noreferrer noopener\">24 &#8211; Technical and Regulatory Assistance by The Bureau<\/a><\/td><\/tr><tr><td style=\"width:5%;vertical-align:middle;text-align:center\"><\/td><td style=\"vertical-align:middle;text-align:left;width:95%\"><a href=\"https:\/\/itu.int\/en\/ITU-R\/seminars\/wrs\/Documents\/2024\/Presentations\/25-WRS-24%20Space%20Sustainability-Monitoring%20-%20Interfercne%20Reporting%20-%20SIRRS%20-%20Ciccorossi%20.pdf\" target=\"_blank\" rel=\"noreferrer noopener\">25 &#8211; Space Sustainability, Monitoring and Interference Reporting (SIRRS)<\/a><\/td><\/tr><tr><td style=\"width:5%;vertical-align:middle;text-align:center\"><\/td><td style=\"vertical-align:middle;text-align:left;width:95%\"><a href=\"https:\/\/www.itu.int\/en\/ITU-R\/seminars\/wrs\/Documents\/2024\/Presentations\/26-WRC-23%20Results%20%E2%80%93%20Space%20related.pdf\" target=\"_blank\" rel=\"noreferrer noopener\">26 &#8211; WRC-23 Results \u2013 Space related<\/a><\/td><\/tr><tr><td style=\"vertical-align:middle;text-align:center;width:5%\"><\/td><td style=\"vertical-align:middle;text-align:left;width:95%\"><a href=\"https:\/\/itu.int\/en\/ITU-R\/seminars\/wrs\/Documents\/2024\/Presentations\/27%20-%20BRIFIC%20Hub%20and%20Access%20Policy.pdf\" target=\"_blank\" rel=\"noreferrer noopener\">27 &#8211; BR IFIC &#8211; Hub and Access Policy<\/a><\/td><\/tr><tr><td style=\"width:5%;vertical-align:middle;text-align:center\"><\/td><td style=\"vertical-align:middle;text-align:left;width:95%\"><a href=\"https:\/\/www.itu.int\/en\/ITU-R\/seminars\/wrs\/Documents\/2024\/Presentations\/28-WRS24_Terrestrial-BRIFIC_S%20Jalayerian.pdf\" target=\"_blank\" rel=\"noreferrer noopener\">28 &#8211; BR IFIC (BR International Frequency Information  Circular) \u2013 Terrestrial Services<\/a><\/td><\/tr><tr><td style=\"width:5%;vertical-align:middle;text-align:center\"><\/td><td style=\"vertical-align:middle;text-align:left;width:95%\"><a href=\"https:\/\/www.itu.int\/en\/ITU-R\/seminars\/wrs\/Documents\/2024\/Presentations\/29-Emmet_Maritime%20Communications.pdf\" target=\"_blank\" rel=\"noreferrer noopener\">29 &#8211; Maritime Communications<\/a><\/td><\/tr><tr><td style=\"width:5%;vertical-align:middle;text-align:center\"><\/td><td style=\"vertical-align:middle;text-align:left;width:95%\"><a href=\"https:\/\/www.itu.int\/en\/ITU-R\/seminars\/wrs\/Documents\/2024\/Presentations\/30-Maritime_Publications%20and%20MARS_English.pdf\" target=\"_blank\" rel=\"noreferrer noopener\">30 &#8211; ITU Maritime Publications and Maritime mobile Access and Retrieval  System (MARS) <\/a><\/td><\/tr><tr><td style=\"width:5%;vertical-align:middle;text-align:center\"><\/td><td style=\"vertical-align:middle;text-align:left;width:95%\"><a href=\"https:\/\/www.itu.int\/en\/ITU-R\/seminars\/wrs\/Documents\/2024\/Presentations\/31-HITS_Saman%20Jalayerian.pdf\" target=\"_blank\" rel=\"noreferrer noopener\">31 &#8211; Harmful Interference to Terrestrial Services  (HITS)<\/a><\/td><\/tr><tr><td style=\"width:5%;vertical-align:middle;text-align:center\"><\/td><td style=\"vertical-align:middle;text-align:left;width:95%\"><a href=\"https:\/\/www.itu.int\/en\/ITU-R\/seminars\/wrs\/Documents\/2024\/Presentations\/33-Cost%20Recovery%20for%20satellite%20networks%20filings_WRS2024_Akim%20FALOUDINE.pdf\" target=\"_blank\" rel=\"noreferrer noopener\">33 &#8211; Cost Recovery For Satellite Neworks Filings<\/a><\/td><\/tr><tr><td style=\"width:5%;vertical-align:middle;text-align:center\"><\/td><td style=\"vertical-align:middle;text-align:left;width:95%\"><a href=\"https:\/\/www.itu.int\/en\/ITU-R\/seminars\/wrs\/Documents\/2024\/Presentations\/34-BR%20IFIC%20(Space%20services)%20WRS-24%20-%20X.%20LaurensonRev.pdf\" target=\"_blank\" rel=\"noreferrer noopener\">34 &#8211; BR IFIC (Space Services) and ITU Space Website<\/a><\/td><\/tr><tr><td style=\"width:5%;vertical-align:middle;text-align:center\"><\/td><td style=\"vertical-align:middle;text-align:left;width:95%\"><a href=\"https:\/\/www.itu.int\/en\/ITU-R\/seminars\/wrs\/Documents\/2024\/Presentations\/35-e-Submission%20and%20e-Communications_KoichiSUMIYOSHIrev.pdf\" target=\"_blank\" rel=\"noreferrer noopener\">35 &#8211; e-Submission of Satellite Network Filings \/  e-Communications<\/a><\/td><\/tr><tr><td style=\"width:5%;vertical-align:middle;text-align:center\"><\/td><td style=\"vertical-align:middle;text-align:left;width:95%\"><a href=\"https:\/\/www.itu.int\/en\/ITU-R\/seminars\/wrs\/Documents\/2024\/Presentations\/36-br%20space%20software%20and%20databases.wrs24.pdf\" target=\"_blank\" rel=\"noreferrer noopener\">36 &#8211; BR Space Software  and Databases<\/a><\/td><\/tr><tr><td style=\"vertical-align:middle;text-align:center;width:5%\"><\/td><td style=\"vertical-align:middle;width:95%\"><a href=\"https:\/\/www.itu.int\/en\/ITU-R\/seminars\/wrs\/Documents\/2024\/Presentations\/37-Cessy-Space%20Workshop%20Overview%20and%20BR%20Space%20Software%20installation.pdf\" target=\"_blank\" rel=\"noreferrer noopener\">37 &#8211; Space Workshop Overview and BR Space Software installation<\/a><\/td><\/tr><\/tbody><\/table><\/figure>\n                    <\/div>\n    <\/div>\n\n\n\n<div class=\"wp-block-brblocks-code-editor\" data-selected-script=\"jquery\" data-code-content=\"var $j = jQuery.noConflict();\n$j(document).ready(function() {\n    $j('table tr').each(function() {\n        var link = $j(this).find('td:nth-child(2) a').attr('href');\n        console.log('Lien trouv\u00e9:', link);\n        if (link) {\n            \/\/ Ajouter la classe hoverable CSS\n            $j(this).addClass('presentation').css('cursor', 'pointer').click(function(event) {\n                event.preventDefault(); \/\/ Emp\u00eache le comportement par d\u00e9faut\n                window.open(link, '_blank'); \/\/ Ouvre le lien dans un nouvel onglet\n            }).hover(\n                function() {\n                    \/\/ Animation au survol\n                    $j(this).css('background-color', '#e5f5fb');\n                },\n                function() {\n                    \/\/ R\u00e9initialiser la couleur de fond\n                    $j(this).css('background-color', '');\n                }\n            );\n            \/\/ D\u00e9terminer l'ic\u00f4ne \u00e0 ajouter en fonction de l'extension du lien\n            var iconSrc = '';\n            if (link.endsWith('.pdf')) {\n                iconSrc = 'https:\/\/www.itu.int\/wrs-24\/wp-content\/uploads\/sites\/44\/2024\/11\/pdf.png';\n            } else if (link.endsWith('.pptx')) {\n                iconSrc = 'https:\/\/www.itu.int\/wrs-24\/wp-content\/uploads\/sites\/44\/2024\/11\/ppt.png';\n            } else if (link.endsWith('.docx')) {\n                iconSrc = 'https:\/\/www.itu.int\/wrs-24\/wp-content\/uploads\/sites\/44\/2024\/11\/doc.png';\n            } else if (link.endsWith('.xlsx')) {\n                iconSrc = 'https:\/\/www.itu.int\/wrs-24\/wp-content\/uploads\/sites\/44\/2024\/11\/exel.png';\n            } else if (link.endsWith('\/en')) {\n                iconSrc = 'https:\/\/itu-app42363.pagelyhosting.com\/wrs-24\/wp-content\/uploads\/sites\/44\/2024\/03\/file-and-paper.png';\n            }\n            if (iconSrc) {\n                var icon = $j('<img&gt;', {\n                    src: iconSrc,\n                    width: 20,\n\n                    css: {\n                        cursor: 'pointer'\n                    },\n                    click: function(event) {\n                        event.stopPropagation();\n                        window.open(link, '_blank'); \/\/ nouvel onglet\n                    }\n                });\n                \/\/ V\u00e9rifie que la cinqui\u00e8me colonne existe\n                if ($j(this).find('td:nth-child(1)').length) {\n                    var cell = $j(this).find('td:nth-child(1)');\n                    cell.addClass('center-content'); \/\/ Ajoute la classe pour centrer le contenu\n                    cell.append(icon);\n                }\n            }\n        }\n    });\n});\n\"><\/div>\n","protected":false},"excerpt":{"rendered":"","protected":false},"author":5,"featured_media":0,"parent":126,"menu_order":0,"comment_status":"closed","ping_status":"closed","template":"","meta":{"_crdt_document":"","_uag_custom_page_level_css":"","footnotes":""},"folder":[],"class_list":["post-152","page","type-page","status-publish","hentry"],"uagb_featured_image_src":{"full":false,"thumbnail":false,"medium":false,"medium_large":false,"large":false,"1536x1536":false,"2048x2048":false,"gs-tiny":false,"xl":false,"xxl":false,"xxxl":false,"xxxxl":false,"xxxxxl":false,"gform-image-choice-sm":false,"gform-image-choice-md":false,"gform-image-choice-lg":false},"uagb_author_info":{"display_name":"mgaillard","author_link":"https:\/\/itu-app42363.pagelyhosting.com\/wrs-24\/author\/mgaillard\/"},"uagb_comment_info":0,"uagb_excerpt":null,"_links":{"self":[{"href":"https:\/\/itu-app42363.pagelyhosting.com\/wrs-24\/wp-json\/wp\/v2\/pages\/152","targetHints":{"allow":["GET"]}}],"collection":[{"href":"https:\/\/itu-app42363.pagelyhosting.com\/wrs-24\/wp-json\/wp\/v2\/pages"}],"about":[{"href":"https:\/\/itu-app42363.pagelyhosting.com\/wrs-24\/wp-json\/wp\/v2\/types\/page"}],"author":[{"embeddable":true,"href":"https:\/\/itu-app42363.pagelyhosting.com\/wrs-24\/wp-json\/wp\/v2\/users\/5"}],"replies":[{"embeddable":true,"href":"https:\/\/itu-app42363.pagelyhosting.com\/wrs-24\/wp-json\/wp\/v2\/comments?post=152"}],"version-history":[{"count":0,"href":"https:\/\/itu-app42363.pagelyhosting.com\/wrs-24\/wp-json\/wp\/v2\/pages\/152\/revisions"}],"up":[{"embeddable":true,"href":"https:\/\/itu-app42363.pagelyhosting.com\/wrs-24\/wp-json\/wp\/v2\/pages\/126"}],"wp:attachment":[{"href":"https:\/\/itu-app42363.pagelyhosting.com\/wrs-24\/wp-json\/wp\/v2\/media?parent=152"}],"wp:term":[{"taxonomy":"folder","embeddable":true,"href":"https:\/\/itu-app42363.pagelyhosting.com\/wrs-24\/wp-json\/wp\/v2\/folder?post=152"}],"curies":[{"name":"wp","href":"https:\/\/api.w.org\/{rel}","templated":true}]}}